1)?
2, 7
Let w(d) = d**3 - 8*d**2 + 10*d - 4. Let v be w(7). Suppose -v*g + 165 = -12*g. List the prime factors of g.
3, 11
Let r be (-5)/(3 + -8)*(2 - 0). Suppose -4*x - f + 700 = -90, -r*x = 3*f - 390. List the prime factors of x.
2, 3, 11
Suppose 27 = 5*b - c, 0*c + 19 = 3*b - 2*c. Suppose -b*o - 231 = -5*i + 429, -4*o = 4*i - 544. List the prime factors of i.
2, 67
Let k(r) = -2*r + 28. Let s be ((-3)/6)/1*-26. Let a be k(s). Suppose a*q - 58 - 32 = 0. List the prime factors of q.
3, 5
Let n = 0 - -28. Let y = 5 - n. Let z = y + 48. List the prime factors of z.
5
What are the prime factors of 2/2*2/2*1322?
2, 661
Let u be (-4)/(-40)*-5 + 1422/4. Let t = -138 + u. What are the prime factors of t?
7, 31
Let x(b) = 3*b**3 - 4 - 3*b**2 - 2*b**2 + 7*b - 2*b**3. Let c(n) = -2*n - 5. Let w be c(-5). List the prime factors of x(w).
31
Suppose 0 = 5*x + 3*y - 1253, 996 = 3*x + x - 4*y. Suppose 5*o + 176 = 4*s + o, 0 = -5*s - o + x. What are the prime factors of s?
7
Let f(g) = 31*g**2 - 19*g + 164. List the prime factors of f(10).
2, 29, 53
Suppose n + 2*k = 234, 3*n - 330 = -3*k + 387. Suppose 56 = x + 4*q, 0*x = 5*x + 2*q - n. What are the prime factors of x?
2, 3
Suppose 1 = a + 6. Let d = 9 + a. What are the prime factors of 1*(d - 6) - -36?
2, 17
Let z = -20 - -14. Let w = 49 + -31. Let y = w + z. List the prime factors of y.
2, 3
Suppose r = 4*r + 18. Let f = 16 + r. Suppose -f - 75 = -5*j. List the prime factors of j.
17
Suppose -r - 489 = -1839. Let i be r/24 + (-2)/8. Suppose 4*q - 61 = -3*t + i, 4*t + 3*q - 149 = 0. What are the prime factors of t?
5, 7
Let t = 85 - -421. List the prime factors of t.
2, 11, 23
Let p(q) = -q**2 + 12*q - 32. Let a be p(6). Suppose a*n + 2*n - 750 = 0. List the prime factors of n.
5
Let s(h) = h. Let f be s(0). Suppose -2*i + m + 300 = 0, f = -3*i - 0*i + m + 450. What are the prime factors of i?
2, 3, 5
Let u(s) = -5*s**3 - 9*s**2 - 2*s - 1. Let v(h) = 4*h**3 + 8*h**2 + 2*h + 1. Let o(w) = -6*u(w) - 7*v(w). List the prime factors of o(4).
3, 29
Suppose 3*j + 10 = -2*m, 4*j = 7*m - 3*m + 20. Suppose 5*g - 3 - 57 = j. List the prime factors of g.
2, 3
Let h = 211 - 6. Suppose 5*c = -5*f + h, -7*c + 3*c - 3*f = -166. List the prime factors of c.
43
Let l(n) = 3*n**2 - 8. List the prime factors of l(-8).
2, 23
Let j(w) = 170*w - 127. What are the prime factors of j(10)?
11, 13
Let g(f) = f**3 - 14*f**2 + 3*f - 5. Let z be g(14). Let m = z + 3. List the prime factors of m.
2, 5
Let r = -21 + 24. Suppose 4*n + 72 = -3*y, r*n = -2*y - y - 51. List the prime factors of 7/n - 399/(-9).
2, 11
Let c be (2 - 1)*384 + 1. Let v = c + -224. What are the prime factors of v?
7, 23
Suppose -s + 105 = -5*w, 2*w = -4*s - 33 - 9. Let a(q) = 4*q**2 - 4*q + 5. Let p be a(5). Let k = w + p. What are the prime factors of k?
2
Let o(z) = -14*z**3 + 2*z**2 - z + 1. Let q be o(1). Let d(v) = v**3 + 11*v**2 - 14*v - 4. List the prime factors of d(q).
2, 5
Let y = -25 + 28. Suppose 5*p + 385 = 3*x + y*p, 3*p - 3 = 0. What are the prime factors of x?
3, 43
What are the prime factors of (3*(-1)/2)/((-39)/51220)?
2, 5, 197
Let i(d) = -d**3 + 12*d**2 - 10*d - 5. Suppose -3*y - 44 = -7*y. Let r be i(y). List the prime factors of (-2)/4 + 99/r.
2
Suppose -7*g - 28 = c - 2*g, -2*g - 10 = 0. Let i be (-2)/c - 788/12. Let f = -38 - i. What are the prime factors of f?
3
Let t(w) = 29*w - 2. Let k = -2 + 3. What are the prime factors of t(k)?
3
Suppose 38*g + 5160 = 44*g. List the prime factors of g.
2, 5, 43
Suppose 9 = 11*q - 14*q. What are the prime factors of 0 - q - 24*(2 + -3)?
3
Suppose 8*j - 820 - 804 = 0. List the prime factors of j.
7, 29
Let h be 1/(1*4/(-72)). Let i = 5 - h. List the prime factors of i.
23
Suppose d - 34 - 26 = 0. Suppose 5*q - 415 = -5*p, p = -3*q + 197 + d. List the prime factors of q.
3, 29
Suppose 0 = 2*d + d + 12. List the prime factors of d/4 + 2 + 83.
2, 3, 7
Let h = 6547 - 1872. List the prime factors of h.
5, 11, 17
Suppose -76*g + 73*g = -672. What are the prime factors of g?
2, 7
Let z be (-8)/(-10)*(-10)/(-4). Suppose 65 = -a + 4*a + 5*p, -p = -z*a + 39. List the prime factors of a.
2, 5
Suppose -6*s - 20 = -14. List the prime factors of (-4)/16 + (-133)/(-4) + s.
2
Suppose -4*m + 3575 = 7*m. List the prime factors of m.
5, 13
Let g(k) = -2 - 5*k**2 + 3*k**2 + 4*k**2. Let w be g(-2). Suppose 0 = -r - 2*r + w. What are the prime factors of r?
2
Let o = 67 - 74. Let i(z) = -z**3 - 5*z**2 - 6*z - 19. List the prime factors of i(o).
11
Suppose -19*k + 28338 + 4608 = 0. What are the prime factors of k?
2, 3, 17
Let r = 162 - 99. Suppose -15 + r = g. Let j = 12 + g. What are the prime factors of j?
2, 3, 5
Suppose -7*u = 4*j - 3*u - 88, -j + 2*u = -31. What are the prime factors of j?
5
Let c be (9/(-6))/(6/(-88)). Let t(m) = 47*m**2 + 1. Let v be t(-1). Let l = v - c. List the prime factors of l.
2, 13
Let x(f) = 4*f - 3. Let y(o) = 4*o - 8. Let d be y(7). What are the prime factors of x(d)?
7, 11
Let s = -1 - 1. Let b = s - -46. What are the prime factors of b?
2, 11
Let x = -412 + 1292. List the prime factors of x.
2, 5, 11
Let a(g) = 3*g**3 + 14*g**2 - 15*g + 5. What are the prime factors of a(9)?
3191
Suppose -1 + 21 = 4*s. Suppose -s*d - 12 - 3 = 0. List the prime factors of 6/(-3 + (-11)/d).
3
Suppose -3*b - 53 = -4*g, 4*g = -4*b + 12 + 20. Let z = -16 + g. List the prime factors of (-130)/z - (-2)/(-1).
2, 3
Let g(i) = -23*i + 1. Let y be g(-1). Suppose -x = y - 6. List the prime factors of (-12)/54 + (-382)/x.
3, 7
Suppose q - 3 = -4, 370 = r - 4*q. Suppose 5*v - 1581 = -r. List the prime factors of v.
3
Suppose 3*i + 5*w - 1524 = 0, 5*i = -3*w + 4401 - 1845. What are the prime factors of i?
3, 19
Suppose -187*h = -178*h - 4212. What are the prime factors of h?
2, 3, 13
Let r(l) = -l**2 + 10*l - 12. Suppose -9*y = -8*y - 8. Let o be r(y). Suppose -o*u - 7 = -2*f + 35, -5*f + 81 = -2*u. List the prime factors of f.
3, 5
Suppose 15 = -0*u + 3*u. Suppose 3*p - 24 = 2*i, -p + 23 = -u*i - 24. Let w(s) = -s + 13. List the prime factors of w(i).
2, 11
What are the prime factors of (558/(-72))/((-4)/16)*133?
7, 19, 31
Let z be 0 + 0 + (-9 - -7) + 8. What are the prime factors of 152/6 - z/(-45)*5?
2, 13
Suppose 2*u - 141 = 3*p, -5*u = -p - 2*p - 375. Suppose 2*f + q = u, -5*q = -f - 4*q + 36. What are the prime factors of f?
2, 19
Let x(o) = 14*o + 4. Let d be x(-7). Let p = -64 - d. Suppose -g + p = 2*g. What are the prime factors of g?
2, 5
Suppose 90 = 2*y - 2*p, 0*p + p = 2*y - 87. Let z(h) = -h**2 + h. Let n be z(1). Suppose -4*i - 4*u - 84 = -6*i, i + u - y = n. List the prime factors of i.
2, 3, 7
Suppose 4*o = -4*o + 2800. What are the prime factors of 2*(-13 + 9 - o/(-4))?
167
Let b(g) = 382*g**2 - 5*g - 6. What are the prime factors of b(-1)?
3, 127
Let i(g) = 5*g - 15. Let z(r) = 4*r - 14. Let t(y) = 5*i(y) - 6*z(y). What are the prime factors of t(-4)?
5
Let x = 118 - 70. Let i = x - -19. What are the prime factors of i?
67
Let n(b) = -b**2 + 3*b + 2. Let l be n(2). Suppose -l*x + 24 = -40. What are the prime factors of x?
2
Suppose 3*v - 3505 = -2*v. List the prime factors of v.
701
Suppose 0 = -4*l - 51 + 11. Let i(o) be the first derivative of 2*o**3/3 + 7*o**2 - 6*o + 6. What are the prime factors of i(l)?
2, 3
Suppose 3*v + 35 = 2*n - 37, 93 = 3*n + 3*v. List the prime factors of (4/3 + 2)*n.
2, 5, 11
Suppose 88 = -0*g + 2*g. Suppose -4*x = -2*x - 2*a + 26, 3*x + g = 4*a. What are the prime factors of ((-88)/x)/(1/2)?
2, 11
Suppose 77*q - 68*q - 12069 = 0. List the prime factors of q.
3, 149
Suppose 4 = f, -2*x + x - 3*f = -6. Let u(b) = 2*b**3 - 3724 + 7*b**2 + 3726 + 6*b - b**3. List the prime factors of u(x).
2
Let s = 521 + -382. What are the prime factors of s?
139
Suppose -2*h + 21 = 5*j, 2*j - 5*h + 3*h = 0. Let y be ((-4)/(-6))/(j/(-45)). List the prime factors of ((-352)/(-80))/((-4)/y).
11
Let p = -27 + 30. Suppose 0*f = p*f. Suppose 2*z = 3*b - 150, 0*z - 3*z = f. List the prime factors of b.
2, 5
Let u be ((-15)/(-6) - 2)*0. Suppose -4*t - 4 = 0, u = -8*v + 4*v - 4*t + 4. Suppose -v*r = -2*b - 96 + 28, -4*r = -3*b - 137. List the prime factors of r.
5, 7
Let c = -20 + 23. Suppose 7*d - c*d = 132. What are the prime factors of d?
3, 11
Let c = -65 + 115. Suppose -m - 3*m - 2*g = 